{"id":18,"date":"2025-01-05T15:11:00","date_gmt":"2025-01-05T15:11:00","guid":{"rendered":"https:\/\/seeroesl.at\/mtkhost.21_wordpress\/?page_id=18"},"modified":"2025-12-16T06:28:55","modified_gmt":"2025-12-16T06:28:55","slug":"urlaub-am-woerthersee-hotel-seeroesl-kontakt","status":"publish","type":"page","link":"https:\/\/seeroesl.at\/mtk\/index.php\/urlaub-am-woerthersee-hotel-seeroesl-kontakt\/","title":{"rendered":"Hotel Seer\u00f6sl | Kontakt"},"content":{"rendered":"\n<!DOCTYPE html>\n<html lang=\"de\">\n<head>\n\n  <address>\n    <strong>Hotel Garni Seer\u00f6sl<\/strong><br \/>\n    Heinzelweg 19<br \/>\n    9201 Krumpendorf am W\u00f6rthersee<br \/>\n    \u00d6sterreich<br \/>\n    Telefon: +43 4229 2479 <br \/>\n    E-Mail: <a href=\"mailto:info@seerosl.at\">info@seeroesl.at<\/a>\n  <\/address>\n\n  <a href=\"index.html\" class=\"btn\"<\/a>\n<\/main>\n\n<\/body\n\n\n\n\n<h2 class=\"wp-block-heading\" id=\"h-urlaub-am-worthersee-hotel-garni-seerosl-familie-krainer\"> Urlaub am W\u00f6rthersee - Hotel Garni Seer\u00f6sl  | Familie Krainer<\/h2>\n\n\n\n<p>Verbringen Sie Ihren Urlaub am W\u00f6rthersee im Hotel Seer\u00f6sl in <a href=\"https:\/\/seeroesl.at\/mtk\/index.php\/woerthersee-urlaub-kaernten\/urlaubsregion-krumpendorf-am-woerthersee\/\"><mark style=\"background-color:rgba(0, 0, 0, 0)\" class=\"has-inline-color has-vivid-cyan-blue-color\"><strong>Krumpendorf<\/strong>.<\/mark><\/a> Denn ein <a href=\"https:\/\/seeroesl.at\/mtk\/index.php\/woerthersee-urlaub-kaernten\/\"><strong><mark style=\"background-color:rgba(0, 0, 0, 0)\" class=\"has-inline-color has-vivid-cyan-blue-color\">Urlaub am W\u00f6rthersee<\/mark><\/strong><\/a> zahlt sich immer aus. Wenn Sie ein Zimmer mit Fr\u00fchst\u00fcck <a href=\"https:\/\/seeroesl.at\/mtk\/index.php\/hotel-garni-seeroesl-krumpendorf-am-woerthersee-online-buchen\/direktbuchung\/\"><strong><mark style=\"background-color:rgba(0, 0, 0, 0)\" class=\"has-inline-color has-vivid-cyan-blue-color\">buchen<\/mark><\/strong><\/a>, werden sich Ihre Gastgeber sehr freuen  und es erwartet Sie ein wundervoller Urlaub am W\u00f6rthersee. Um Ihren Sommerurlaub perfekt zu gestalten, k\u00f6nnte deswegen das Hotel Seer\u00f6sl die beste Wahl sein.<\/p>\n\n\n\n<p>Doch warum sich ein W\u00f6rthersee Urlaub im Hotel Garni Seer\u00f6sl lohnt? Neben den beliebten <strong><a href=\"https:\/\/seeroesl.at\/mtk\/\"><mark style=\"background-color:rgba(0, 0, 0, 0)\" class=\"has-inline-color has-vivid-cyan-blue-color\">Seer\u00f6sl Inklusivleistungen<\/mark><\/a><mark style=\"background-color:rgba(0, 0, 0, 0)\" class=\"has-inline-color has-vivid-cyan-blue-color\"> <\/mark><\/strong>, der ruhigen und sonnigen Traumlage und aufgrund der vielen Ausflugsm\u00f6glichkeiten in der N\u00e4he, spielen auch die sehr guten Konditionen bei einer direkten Onlinbuchung oder Mailbuchung eine wichtige Rolle.<\/p>\n\n\n\n<p>Sie m\u00f6chten sich von unseren sensationellen Direktbuchervorteilen &amp; Konditionen selbst \u00fcberzeugen, dann fordern Sie doch noch heute ein <a href=\"https:\/\/seeroesl.at\/mtk\/index.php\/hotel-garni-seeroesl-krumpendorf-am-woerthersee-online-buchen\/woerthersee-anfrage-urlaub\/\"><strong><mark style=\"background-color:rgba(0, 0, 0, 0)\" class=\"has-inline-color has-vivid-cyan-blue-color\">unverbindliches Urlaubsangebot <\/mark><\/strong><\/a>ein. Im Falle einer Gruppenanfrage ( ab 15 Personen) benutzen Sie bitte unser <a href=\"https:\/\/seeroesl.at\/mtk\/index.php\/gruppenreise-oesterreich-gruppenurlaub-kaernten-am-woerthersee-anfragen\/\"><mark style=\"background-color:rgba(0, 0, 0, 0)\" class=\"has-inline-color has-vivid-cyan-blue-color\"><strong>Formular f\u00fcr Gruppen.<\/strong><\/mark><\/a><\/p>\n\n\n\n<figure class=\"wp-block-image size-large\"><a href=\"https:\/\/www.facebook.com\/seeroesl.at\/?locale=de_DE\"><img decoding=\"async\" width=\"1024\" height=\"380\" src=\"https:\/\/seeroesl.at\/mtk\/wp-content\/uploads\/2021\/06\/Seeroesl.neues_.Profil.FB_..jpg\" alt=\"Hotel Garni Seer\u00f6sl am W\u00f6rthersee, \nW\u00f6rthersee Urlaub, Familie Krainer, online buchen, W\u00f6rthersee Hotel, Hotel am W\u00f6rthersee, Familienhotel K\u00e4rnten, Familienbetrieb, Kontakt Hotel Seer\u00f6sl\" class=\"wp-image-2759\" srcset=\"https:\/\/seeroesl.at\/mtk\/wp-content\/uploads\/2021\/06\/Seeroesl.neues_.Profil.FB_..jpg 1024w, https:\/\/seeroesl.at\/mtk\/wp-content\/uploads\/2021\/06\/Seeroesl.neues_.Profil.FB_.-300x111.jpg 300w, https:\/\/seeroesl.at\/mtk\/wp-content\/uploads\/2021\/06\/Seeroesl.neues_.Profil.FB_.-768x285.jpg 768w\" sizes=\"(max-width: 1024px) 100vw, 1024px\" \/><\/a><\/figure>\n\n\n\n<h3 class=\"wp-block-heading\" id=\"h-zenrale-lage-und-sonnige-traumlage-das-seerosl-in-krumpendorf\"><strong>Zenrale Lage und sonnige Traumlage - das Seer\u00f6sl in Krumpendorf<\/strong><\/h3>\n\n\n\n<p>Zwischen Klagenfurt und P\u00f6rtschach befindet sich die \" gr\u00fcne  Oase\" Krumpendorf am W\u00f6rthersee. Ruhig und sehr zentral gelegen  ist Krumpendorf sozuagen ein Urlaubsziel der besonderen Art und das Hotel Garni Seer\u00f6sl ist besonders f\u00fcr Sonnenanbeter und Naturbegeisterte sehr gefragt. Ihre n\u00e4chste Unterkunft befindet sich mitten in Krumpendorf und direkt nah am See. Kurz gesagt, der ideale Ausgangspunkt f\u00fcr Sommerurlaubsg\u00e4ste.<\/p>\n\n\n\n<h3 class=\"wp-block-heading\" id=\"hotel-garni-seerosl-in-krumpendorf-am-worthersee\">Kontakt <\/h3>\n\n\n\n<h4 class=\"wp-block-heading\" id=\"h-hotel-seerosl-am-worthersee-krumpendorf-karnten\"><strong>Hotel Seer\u00f6sl am W\u00f6rthersee | Krumpendorf | K\u00e4rnten<\/strong><\/h4>\n\n\n\n<h4 class=\"wp-block-heading\" id=\"heinzelweg-19\">Heinzelweg 19<\/h4>\n\n\n\n<h4 class=\"wp-block-heading\" id=\"familie-krainer\">Familie Krainer<\/h4>\n\n\n\n<h4 class=\"wp-block-heading\" id=\"telefon-nr-43-4229-2479\">Telefon Nr.: <a href=\"tel:+434229%202479\">\u260e\ufe0f<\/a><strong>+43 4229 2479  <\/strong><\/h4>\n\n\n\n<h4 class=\"wp-block-heading\" id=\"mobil-43-650-950-5785-oder-43-650-950-5784\">Mobil: <a href=\"tel:+43%20650%20950%205785\">\ud83d\udcf2<\/a><a href=\"tel:+43%20690%20101%2022%20107\">&nbsp;<\/a> <strong>+43 650 950 5785<\/strong> oder <a href=\"tel:+43%20650%20950%205784\">\ud83d\udcf2 <\/a><strong>+43 650 950 5784<\/strong><\/h4>\n\n\n\n<h4 class=\"wp-block-heading\" id=\"whatsapp-43-690-101-22-107\">WhatsAPP: <a href=\"tel:+43%20690%20101%2022%20107\">\ud83d\udcf2&nbsp;<\/a> <strong>+43 690 101 22 107<\/strong><\/h4>\n\n\n\n<h4 class=\"wp-block-heading\" id=\"e-mail-info-seeeroesl-at\">E-Mail: <a href=\"mailto:info@seeroesl.at\">\ud83d\udce7<\/a> <strong>info@seeroesl.at<\/strong><\/h4>\n\n\n\n<p>Sichern Sie sich doch Ihren n\u00e4chsten Urlaub in K\u00e4rnten am wundersch\u00f6nen W\u00f6rthersee noch heute und erleben Sie schon bald einen einzigartigen Wohlf\u00fchlurlaub im traditionellen Familienbetrieb in Krumpendorf am W\u00f6rthersee. Gerne jederzeit erreichbar - telefonisch und auch schriftlich                           ( per WhatsApp oder Mail)<\/p>\n\n\n\n<p><\/p>\n\n\n\n<div id=\"gme20a169\" class=\"wp-block-gutentor-m1 section-gme20a169 gutentor-module gutentor-element-button-group button-align-center-desktop g-btn-horizontal-d g-btn-horizontal-t g-btn-horizontal-m\"><div class=\"gutentor-element-button-group-wrap\">\n<div id=\"section-g789bf3\" class=\"wp-block-gutentor-e2 section-g789bf3 gutentor-element gutentor-element-button\"><span class=\"gutentor-button-wrap\"><a class=\"gutentor-button gutentor-block-button gutentor-icon-hide\" href=\"https:\/\/seeroesl.at\/mtk\/index.php\/hotel-garni-seeroesl-lage-anreise-route\/\"><i class=\"gutentor-button-icon fas fa-book\"><\/i><span>Lage\/Anreise<\/span><\/a><\/span><\/div>\n\n\n\n<div id=\"section-ga135a3\" class=\"wp-block-gutentor-e2 section-ga135a3 gutentor-element gutentor-element-button\"><span class=\"gutentor-button-wrap\"><a class=\"gutentor-button gutentor-block-button gutentor-icon-hide\" href=\"https:\/\/seeroesl.at\/mtk\/index.php\/hotel-garni-seeroesl-krumpendorf-am-woerthersee-online-buchen\/direktbuchung\/\"><i class=\"gutentor-button-icon fas fa-book\"><\/i><span>Seer\u00f6sl Inklusivleistungen<\/span><\/a><\/span><\/div>\n\n\n\n<div id=\"section-g40431b\" class=\"wp-block-gutentor-e2 section-g40431b gutentor-element gutentor-element-button\"><span class=\"gutentor-button-wrap\"><a class=\"gutentor-button gutentor-block-button gutentor-icon-hide\" href=\"https:\/\/seeroesl.at\/mtk\/index.php\/hotel-garni-seeroesl-woerthersee-urlaub-kaernten-fotogalerie\/\"><i class=\"gutentor-button-icon fas fa-book\"><\/i><span>Impressionen<\/span><\/a><\/span><\/div>\n\n\n\n<div id=\"section-ge371ca\" class=\"wp-block-gutentor-e2 section-ge371ca gutentor-element gutentor-element-button\"><span class=\"gutentor-button-wrap\"><a class=\"gutentor-button gutentor-block-button gutentor-icon-hide\" href=\"https:\/\/seeroesl.at\/mtk\/index.php\/hotel-garni-seeroesl-kontakt\/social-media\/\"><i class=\"gutentor-button-icon fas fa-book\"><\/i><span>Social Media<\/span><\/a><\/span><\/div>\n\n\n\n<div id=\"section-g42f0ce\" class=\"wp-block-gutentor-e2 section-g42f0ce gutentor-element gutentor-element-button\"><span class=\"gutentor-button-wrap\"><a class=\"gutentor-button gutentor-block-button gutentor-icon-hide\" href=\"https:\/\/seeroesl.at\/mtk\/index.php\/hotel-garni-seeroesl-krumpendorf-am-woerthersee-online-buchen\/\"><i class=\"gutentor-button-icon fas fa-book\"><\/i><span>Online BUCHEN<\/span><\/a><\/span><\/div>\n\n\n\n<div id=\"section-g178cc8\" class=\"wp-block-gutentor-e2 section-g178cc8 gutentor-element gutentor-element-button\"><span class=\"gutentor-button-wrap\"><a class=\"gutentor-button gutentor-block-button gutentor-icon-hide\" href=\"https:\/\/seeroesl.at\/mtk\/index.php\/hotel-garni-seeroesl-krumpendorf-am-woerthersee-online-buchen\/urlaubsanfrage\/\"><i class=\"gutentor-button-icon fas fa-book\"><\/i><span>Online ANFRAGEN<\/span><\/a><\/span><\/div>\n<\/div><\/div>\n\n\n<input type=\"button\" value=\"Go back\" class=\"alg_back_button_input \" style=\"\" onclick=\"window.history.back()\" \/>\n\n\n\n<p><\/p>\n","protected":false},"excerpt":{"rendered":"<p>Hotel Garni Seer\u00f6sl Heinzelweg 19 9201 Krumpendorf am W\u00f6rthersee \u00d6sterreich Telefon: +43 4229 2479 E-Mail: info@seeroesl.at<\/p>\n","protected":false},"author":1,"featured_media":2759,"parent":0,"menu_order":0,"comment_status":"closed","ping_status":"closed","template":"","meta":{"_glsr_average":0,"_glsr_ranking":0,"_glsr_reviews":0,"footnotes":""},"class_list":["post-18","page","type-page","status-publish","has-post-thumbnail","hentry"],"yoast_head":"<!-- This site is optimized with the Yoast SEO Premium plugin v24.0 (Yoast SEO v27.4) - https:\/\/yoast.com\/product\/yoast-seo-premium-wordpress\/ -->\n<title>Einzigartiger W\u00f6rthersee Urlaub im Hotel Seer\u00f6sl<\/title>\n<meta name=\"description\" content=\"Urlaub am W\u00f6rthersee Hotel Seer\u00f6sl | Familie Krainer, Heinzelweg 19, Krumpendorf am W\u00f6rthersee, info@seeroesl.at \u260e\ufe0f Tel.:+43 4229\/2479\" \/>\n<meta name=\"robots\" content=\"index, follow, max-snippet:-1, max-image-preview:large, max-video-preview:-1\" \/>\n<link rel=\"canonical\" href=\"https:\/\/seeroesl.at\/mtk\/index.php\/urlaub-am-woerthersee-hotel-seeroesl-kontakt\/\" \/>\n<meta property=\"og:locale\" content=\"de_DE\" \/>\n<meta property=\"og:type\" content=\"article\" \/>\n<meta property=\"og:title\" content=\"Hotel Seer\u00f6sl | Kontakt\" \/>\n<meta property=\"og:description\" content=\"Urlaub am W\u00f6rthersee Hotel Seer\u00f6sl | Familie Krainer, Heinzelweg 19, Krumpendorf am W\u00f6rthersee, info@seeroesl.at \u260e\ufe0f Tel.:+43 4229\/2479\" \/>\n<meta property=\"og:url\" content=\"https:\/\/seeroesl.at\/mtk\/index.php\/urlaub-am-woerthersee-hotel-seeroesl-kontakt\/\" \/>\n<meta property=\"og:site_name\" content=\"W\u00f6rthersee Hotel Seer\u00f6sl\" \/>\n<meta property=\"article:publisher\" content=\"https:\/\/www.facebook.com\/www.seeroeslamwoerthersee.at\/\" \/>\n<meta property=\"article:modified_time\" content=\"2025-12-16T06:28:55+00:00\" \/>\n<meta property=\"og:image\" content=\"https:\/\/seeroesl.at\/mtk\/wp-content\/uploads\/2021\/06\/Seeroesl.neues_.Profil.FB_..jpg\" \/>\n\t<meta property=\"og:image:width\" content=\"1024\" \/>\n\t<meta property=\"og:image:height\" content=\"380\" \/>\n\t<meta property=\"og:image:type\" content=\"image\/jpeg\" \/>\n<meta name=\"twitter:card\" content=\"summary_large_image\" \/>\n<meta name=\"twitter:label1\" content=\"Gesch\u00e4tzte Lesezeit\" \/>\n\t<meta name=\"twitter:data1\" content=\"3 Minuten\" \/>\n<!-- \/ Yoast SEO Premium plugin. -->","yoast_head_json":{"title":"Einzigartiger W\u00f6rthersee Urlaub im Hotel Seer\u00f6sl","description":"Urlaub am W\u00f6rthersee Hotel Seer\u00f6sl | Familie Krainer, Heinzelweg 19, Krumpendorf am W\u00f6rthersee, info@seeroesl.at \u260e\ufe0f Tel.:+43 4229\/2479","robots":{"index":"index","follow":"follow","max-snippet":"max-snippet:-1","max-image-preview":"max-image-preview:large","max-video-preview":"max-video-preview:-1"},"canonical":"https:\/\/seeroesl.at\/mtk\/index.php\/urlaub-am-woerthersee-hotel-seeroesl-kontakt\/","og_locale":"de_DE","og_type":"article","og_title":"Hotel Seer\u00f6sl | Kontakt","og_description":"Urlaub am W\u00f6rthersee Hotel Seer\u00f6sl | Familie Krainer, Heinzelweg 19, Krumpendorf am W\u00f6rthersee, info@seeroesl.at \u260e\ufe0f Tel.:+43 4229\/2479","og_url":"https:\/\/seeroesl.at\/mtk\/index.php\/urlaub-am-woerthersee-hotel-seeroesl-kontakt\/","og_site_name":"W\u00f6rthersee Hotel Seer\u00f6sl","article_publisher":"https:\/\/www.facebook.com\/www.seeroeslamwoerthersee.at\/","article_modified_time":"2025-12-16T06:28:55+00:00","og_image":[{"width":1024,"height":380,"url":"https:\/\/seeroesl.at\/mtk\/wp-content\/uploads\/2021\/06\/Seeroesl.neues_.Profil.FB_..jpg","type":"image\/jpeg"}],"twitter_card":"summary_large_image","twitter_misc":{"Gesch\u00e4tzte Lesezeit":"3 Minuten"},"schema":{"@context":"https:\/\/schema.org","@graph":[{"@type":"WebPage","@id":"https:\/\/seeroesl.at\/mtk\/index.php\/urlaub-am-woerthersee-hotel-seeroesl-kontakt\/","url":"https:\/\/seeroesl.at\/mtk\/index.php\/urlaub-am-woerthersee-hotel-seeroesl-kontakt\/","name":"Einzigartiger W\u00f6rthersee Urlaub im Hotel Seer\u00f6sl","isPartOf":{"@id":"https:\/\/seeroesl.at\/mtk\/#website"},"primaryImageOfPage":{"@id":"https:\/\/seeroesl.at\/mtk\/index.php\/urlaub-am-woerthersee-hotel-seeroesl-kontakt\/#primaryimage"},"image":{"@id":"https:\/\/seeroesl.at\/mtk\/index.php\/urlaub-am-woerthersee-hotel-seeroesl-kontakt\/#primaryimage"},"thumbnailUrl":"https:\/\/seeroesl.at\/mtk\/wp-content\/uploads\/2021\/06\/Seeroesl.neues_.Profil.FB_..jpg","datePublished":"2025-01-05T15:11:00+00:00","dateModified":"2025-12-16T06:28:55+00:00","description":"Urlaub am W\u00f6rthersee Hotel Seer\u00f6sl | Familie Krainer, Heinzelweg 19, Krumpendorf am W\u00f6rthersee, info@seeroesl.at \u260e\ufe0f Tel.:+43 4229\/2479","breadcrumb":{"@id":"https:\/\/seeroesl.at\/mtk\/index.php\/urlaub-am-woerthersee-hotel-seeroesl-kontakt\/#breadcrumb"},"inLanguage":"de-AT","potentialAction":[{"@type":"ReadAction","target":["https:\/\/seeroesl.at\/mtk\/index.php\/urlaub-am-woerthersee-hotel-seeroesl-kontakt\/"]}]},{"@type":"ImageObject","inLanguage":"de-AT","@id":"https:\/\/seeroesl.at\/mtk\/index.php\/urlaub-am-woerthersee-hotel-seeroesl-kontakt\/#primaryimage","url":"https:\/\/seeroesl.at\/mtk\/wp-content\/uploads\/2021\/06\/Seeroesl.neues_.Profil.FB_..jpg","contentUrl":"https:\/\/seeroesl.at\/mtk\/wp-content\/uploads\/2021\/06\/Seeroesl.neues_.Profil.FB_..jpg","width":1024,"height":380,"caption":"W\u00f6rthersee Urlaub im Hotel Seer\u00f6sl in Krumpendorf am W\u00f6rthersee buchen"},{"@type":"BreadcrumbList","@id":"https:\/\/seeroesl.at\/mtk\/index.php\/urlaub-am-woerthersee-hotel-seeroesl-kontakt\/#breadcrumb","itemListElement":[{"@type":"ListItem","position":1,"name":"Home","item":"https:\/\/seeroesl.at\/mtk\/"},{"@type":"ListItem","position":2,"name":"Hotel Seer\u00f6sl | Kontakt"}]},{"@type":"WebSite","@id":"https:\/\/seeroesl.at\/mtk\/#website","url":"https:\/\/seeroesl.at\/mtk\/","name":"W\u00f6rthersee ~ Hotel Garni Seer\u00f6sl | W\u00f6rthersee Urlaub | K\u00e4rnten","description":"Hotel Garni Seer\u00f6sl am W\u00f6rthersee | Urlaub in K\u00e4rnten | \u00d6sterreich","publisher":{"@id":"https:\/\/seeroesl.at\/mtk\/#organization"},"alternateName":"Hotel Seer\u00f6sl | W\u00f6rthersee","potentialAction":[{"@type":"SearchAction","target":{"@type":"EntryPoint","urlTemplate":"https:\/\/seeroesl.at\/mtk\/?s={search_term_string}"},"query-input":{"@type":"PropertyValueSpecification","valueRequired":true,"valueName":"search_term_string"}}],"inLanguage":"de-AT"},{"@type":"Organization","@id":"https:\/\/seeroesl.at\/mtk\/#organization","name":"W\u00f6rthersee Hotel Seer\u00f6sl","url":"https:\/\/seeroesl.at\/mtk\/","logo":{"@type":"ImageObject","inLanguage":"de-AT","@id":"https:\/\/seeroesl.at\/mtk\/#\/schema\/logo\/image\/","url":"https:\/\/seeroesl.at\/mtk\/wp-content\/uploads\/2021\/02\/cropped-Header-Logo-Seerosl-website.png","contentUrl":"https:\/\/seeroesl.at\/mtk\/wp-content\/uploads\/2021\/02\/cropped-Header-Logo-Seerosl-website.png","width":512,"height":512,"caption":"W\u00f6rthersee Hotel Seer\u00f6sl"},"image":{"@id":"https:\/\/seeroesl.at\/mtk\/#\/schema\/logo\/image\/"},"sameAs":["https:\/\/www.facebook.com\/www.seeroeslamwoerthersee.at\/","https:\/\/www.instagram.com\/seeroesl.at\/?hl=de","https:\/\/www.pinterest.at\/Seeroesl\/_created","https:\/\/www.youtube.com\/channel\/UCPZp8pLUNLKgbrSm8gmBF-w","https:\/\/seeroesl.at\/mtk\/index.php\/urlaub-am-woerthersee-hotel-seeroesl-kontakt\/bewertungen-seeroesl-hotel-star-rating\/"],"publishingPrinciples":"https:\/\/seeroesl.at\/mtk\/"}]}},"_links":{"self":[{"href":"https:\/\/seeroesl.at\/mtk\/index.php\/wp-json\/wp\/v2\/pages\/18","targetHints":{"allow":["GET"]}}],"collection":[{"href":"https:\/\/seeroesl.at\/mtk\/index.php\/wp-json\/wp\/v2\/pages"}],"about":[{"href":"https:\/\/seeroesl.at\/mtk\/index.php\/wp-json\/wp\/v2\/types\/page"}],"author":[{"embeddable":true,"href":"https:\/\/seeroesl.at\/mtk\/index.php\/wp-json\/wp\/v2\/users\/1"}],"replies":[{"embeddable":true,"href":"https:\/\/seeroesl.at\/mtk\/index.php\/wp-json\/wp\/v2\/comments?post=18"}],"version-history":[{"count":78,"href":"https:\/\/seeroesl.at\/mtk\/index.php\/wp-json\/wp\/v2\/pages\/18\/revisions"}],"predecessor-version":[{"id":5549,"href":"https:\/\/seeroesl.at\/mtk\/index.php\/wp-json\/wp\/v2\/pages\/18\/revisions\/5549"}],"wp:featuredmedia":[{"embeddable":true,"href":"https:\/\/seeroesl.at\/mtk\/index.php\/wp-json\/wp\/v2\/media\/2759"}],"wp:attachment":[{"href":"https:\/\/seeroesl.at\/mtk\/index.php\/wp-json\/wp\/v2\/media?parent=18"}],"curies":[{"name":"wp","href":"https:\/\/api.w.org\/{rel}","templated":true}]}}